- 2*v**3 - 3*v**3 + 6*v**2. What is the units digit of t(-4)?
1
Suppose 275 = 5*x - l, -3*x + 0*l + 4*l = -165. What is the units digit of x?
5
Let g(d) = d**2 + 5*d + 6. What is the tens digit of g(-10)?
5
Let a(l) = 2*l**3 - 5*l**2 - l + 2. Let b be a(4). Let v = b - 32. What is the tens digit of v?
1
Let b = -1 - -6. Suppose -5*w = -3*y + 4*y - 9, -5*w - 5*y = -b. Suppose w*d + 3 = 3*d. What is the units digit of d?
3
Let t(g) = -3*g**2 - 5*g + 2. Let j(n) = n**2 + 7*n + 6. Let a be j(-5). Let w be t(a). What is the units digit of w/(-6) + 2/(-6)?
4
Suppose d + 4*p - 14 = -d, -5*p = -5*d + 5. Suppose 2*o - d*o - 2 = 0. Let g = -1 - o. What is the units digit of g?
1
Suppose -5*j + 31 = -4*o, -7*j + 2*j - 4*o - 1 = 0. What is the tens digit of (j + 28/(-8))*-94?
4
Suppose -3*l - 321 = -3*a, -a - 2*a = 5*l - 321. What is the units digit of a?
7
Let a(i) = -i**3 - 4*i**2 + 2*i - 24. What is the hundreds digit of a(-7)?
1
Let x(d) = 5*d**2 - 19*d + 5. What is the tens digit of x(6)?
7
Suppose 17 - 272 = -5*o. What is the tens digit of o?
5
Suppose -4*m + 2*m = -2*g + 314, -5*m = 4*g - 610. What is the tens digit of g?
5
Suppose 0 = -5*a + 4*a. Suppose -3*k = -a*k - 69. What is the tens digit of k?
2
Suppose -3*o + u + 10 = 0, -u + 4 = 2*o - 6. Suppose 3*x = 9, v - 5*x + 85 = -o*v. Let a = -3 - v. What is the tens digit of a?
1
Suppose 7*s = 2*s + 55. Let f = 1 - s. Let w = f + 16. What is the units digit of w?
6
Let t(v) = v**2 + 5*v. Let n be t(-5). Let z = 1 + n. Suppose 0 = -b + 7 + z. What is the units digit of b?
8
Let m = 433 + -285. What is the hundreds digit of m?
1
Let a be 1*(-2 + -2 + 11). Suppose -3*g + a*g - 112 = 0. What is the units digit of g?
8
Suppose 4*c - 3*c = -v + 27, -2*v + 3*c = -64. What is the units digit of v?
9
What is the units digit of 560/15 - 6/(-9)?
8
What is the units digit of 58/(-2)*3*-1?
7
Let o(u) = 2*u**2 + u. Let h be o(-2). Let f be h/(-21) - (-2)/7. What is the units digit of 1 - (-3 - f/2)?
4
Let t = -86 - -182. What is the units digit of t?
6
Let r(c) = 2*c**2 + c. Let v = -5 + 4. What is the units digit of r(v)?
1
Suppose -3*s = s - 340. What is the units digit of s?
5
Let u = 10 + 74. What is the units digit of u?
4
Let o(l) = -l. Let b(j) = 12*j - 1. Let g(w) = -b(w) + o(w). What is the units digit of g(-1)?
4
Let q(i) = -3*i + 9. Let c be q(6). Let t = c + 10. What is the units digit of t?
1
Let y(s) = -s**2 + 3. Let v be y(0). Suppose 2 + 10 = v*j. What is the units digit of j?
4
Let f = -67 - -176. What is the hundreds digit of f?
1
Suppose -7*a + 2*a = -4*y + 110, 0 = -4*a + 3*y - 87. Let c be 4/a + 1722/(-27). What is the units digit of ((-6)/4)/(12/c)?
8
Suppose 3*z + 2*w - 33 = 0, 3*z = -w + 47 - 11. Let a = -5 - z. What is the units digit of ((-50)/15)/(4/a)?
5
Let f be (-2)/6 - 15/9. Let r be (5 - 1)*f*1. Let q = r - -13. What is the units digit of q?
5
Let t be 7 + 0 + 3/(-1). Let x(s) = s**2 + s - 4. Let h be x(t). Suppose -3*r - v - v + h = 0, 5*v = -r + 1. What is the units digit of r?
6
What is the units digit of 57/(-12)*(0 - 20)?
5
Suppose 0*p = 5*p + 5*y - 85, 0 = -5*y - 5. What is the tens digit of p?
1
Suppose -6 = -4*s + 2*s. Let m = 6 - s. Suppose -q - m = -2*q. What is the units digit of q?
3
Let r(d) = -d + 3. Let k be r(-9). Suppose -7 + k = 5*q. What is the units digit of q?
1
Let b be 2/(-11) + 10/55. Suppose -30 = -b*f - 5*f. Suppose f = -5*a + 46. What is the units digit of a?
8
Suppose 2*r = -r + 15. What is the tens digit of (-10)/50 + 56/r?
1
Let p(g) = -4*g - 13. Suppose 3*w + 5 = -v - 0*v, -5*v + 4*w = 82. What is the units digit of p(v)?
3
What is the units digit of 150*(-12)/(-54)*3?
0
Suppose 3*f + 6 - 1 = h, -20 = -4*h + 5*f. Let w(s) be the second derivative of s**4/6 - s**3 - 5*s**2/2 + 2*s. What is the units digit of w(h)?
5
Let u = -9 + 3. Let r = 43 - 31. What is the tens digit of 4/u*(-234)/r?
1
Let d = 40 - 30. What is the units digit of d?
0
Let m = 1 + -3. Let x be -4 + 6/3 + m. What is the units digit of ((-32)/(-12))/(x/(-6))?
4
Let l(k) = 6*k**2 + k + 2. Let s be l(2). Suppose -172 + s = -4*v. What is the tens digit of (-3)/(v/(-15))*8?
1
Suppose -5*k - 6 = -7*k. Suppose k*a = 11 + 37. What is the tens digit of a?
1
Suppose -2*j - 4*o + o = -2, -5*j + o = -39. Let t(d) = -d + 12. What is the units digit of t(j)?
5
Let i(s) = -40*s. What is the units digit of i(-1)?
0
Let k = -32 - -53. What is the tens digit of k?
2
Let i = 1 - -2. Suppose i*r - 52 = -r. What is the units digit of r?
3
Suppose -4*y + 4*w + 28 = 0, -4*w = -3*y + y + 22. Let p be -1*1 - (1 - y). Let k = p - -5. What is the units digit of k?
6
Let k(c) = -8*c - 25. What is the tens digit of k(-17)?
1
Let v be ((-420)/18)/(4/(-6)). What is the units digit of 259/v + (-2)/5?
7
Let n(q) = q**3 + 10*q**2 - q - 4. Let t = -1 + -9. What is the units digit of n(t)?
6
Let w = 76 + -16. Let p = w + -35. What is the units digit of p?
5
Suppose 0 = -3*x - y + 2, -3*x = -7*y + 3*y + 8. Suppose f + 39 = 3*a, -a - f + x*f + 17 = 0. What is the tens digit of a?
1
Suppose 0 = -i, -4*v + 3*v - 2*i = -36. What is the units digit of v?
6
Let s = -30 + 62. What is the units digit of s?
2
Let l(q) = q**3 - 8*q + 14. What is the units digit of l(4)?
6
Let w(x) = 2*x - 7. Let g be w(5). Let j = -1 + 2. What is the units digit of (10/(-1 + g))/j?
5
Let r = 2 + 0. Suppose -6 - r = 4*n. What is the tens digit of 1/n*(2 - 28)?
1
Let d(m) = m + 11. Let k(f) = -f**2 - f. Let n = -3 + 2. Let s be k(n). What is the units digit of d(s)?
1
Suppose -3*d = w - 244 - 17, 76 = d + 4*w. Let x = -6 + 10. Suppose -x*c - 11 = -r - d, 5*c - 109 = -3*r. What is the tens digit of c?
2
Suppose -w - 3*n = n - 4, 0 = -4*w - 3*n - 23. Let r(y) = y**3 + 7*y**2 - 8*y + 4. What is the units digit of r(w)?
4
Suppose -3*c + 2 + 1 = 0. What is the units digit of c?
1
Suppose 0 = 4*z + 5*c - 576, -5*z - 4*c = -3*z - 282. What is the units digit of z?
9
Suppose 4*a = -0 + 12. Suppose 0 = -3*u - 4*h, -a*u + 7 = 2*h + 1. Suppose u = -0*m + 4*m. What is the units digit of m?
1
Suppose -5*n + 613 = -2*h - 2*h, -3*h = -3*n + 369. What is the hundreds digit of n?
1
Suppose 0 = 3*y - 8*y + 10. Suppose 72 = 6*n - y*n. What is the tens digit of n?
1
Let l = -9 + -1. Let f(j) = -j**2 - 12*j - 1. What is the tens digit of f(l)?
1
Let g be 4 + (-3 - -1) + 0. What is the units digit of 5/10 - (-11)/g?
6
Suppose 165 = i + 11. What is the units digit of i?
4
Let i be (-41)/((36/(-8))/9). Let s = -29 + i. What is the units digit of s?
3
Suppose -3 - 2 = r. Let j = r + 7. Suppose -4*c + 60 = -j*b, -4*c + 1 = 5*b - 31. What is the units digit of c?
3
Let t(k) = 2*k - 4. Let z(y) = -y + 1. Let m(q) = t(q) + 3*z(q). What is the units digit of m(-10)?
9
Let z = 22 - 19. What is the units digit of z?
3
What is the tens digit of 57/2 - 39/26?
2
What is the tens digit of (-14)/(-2*(-4)/(-8))?
1
Let q(s) = -2*s - 3. Suppose -5*d - 24 = 3*n, -4*n + 6 = -6*n. Let l be q(d). Suppose 3*h - 3*v + l + 6 = 0, -23 = h - 5*v. What is the units digit of h?
2
Let d be (-6)/10 + 2/(-5). Let p(j) = -6*j - 1. Let z be p(d). Suppose 2 = z*r - 3. What is the units digit of r?
1
Let a = -199 - -329. Suppose 119 = 4*b + s, -5*b + s + 4*s = -a. What is the tens digit of b?
2
Let f(y) = -y**3 - 8*y**2 - 2*y. Let h be 1/(4 - 3)*-9. Let v = h - -1. What is the units digit of f(v)?
6
Suppose 5*f - 219 = 121. What is the units digit of f?
8
Let t be (-10)/4*18/(-15). Suppose -5*i - 29 = -t*h, -h - 3*h = 4*i - 28. What is the units digit of (-2 - -2)/3 + h?
8
Let x be (4/14)/((-2)/(-14)). Let a be (-8)/(-2) + x/(-2). Suppose 0 = -2*i + 3*k + 19, 28 = a*i - k - 3*k. What is the units digit of i?
8
Suppose 15 = 2*d + z - 0, 4*z - 15 = d. Suppose 90 = 4*t - 2*r, 2*t - d*r - 93 + 28 = 0. What is the units digit of t?
0
Suppose 9 = -3*l + 24. Let r = l + -3. What is the units digit of r?
2
Let m(w) = 5*w**3 + 5*w**2 - 11*w + 1. Let u(z) = 11*z**3 + 10*z**2 - 23*z + 3. Let d(x) = -13*m(x) + 6*u(x). What is the units digit of d(5)?
0
Suppose -c + 3 = 3*r, 3*r - 4*c - 16 = r. Suppose 4 = q, -2*m - r*q + 8 = -4*m. Suppose m*y + 5 = y. What is the units digit of y?
5
Let u be 3*(1 + (-160)/(-6)). Suppose 0 = -5*c + 162 + u. What is the units digit of c?
9
Let v = -639 - -899. What is the units d